 2) + -1 + -32 + 37.
4
What is -9 + (-2 - (-16 + 6))?
-1
Evaluate 7 + -8 + (0 - (4 + -10)).
5
Evaluate -2 - (-3 - -2) - -5 - 1.
3
-1 + 4 + -4 + 1
0
Calculate (0 - (-2 - -10)) + 3 + -1.
-6
What is -2 - (5 + -8) - 6?
-5
What is -5 + (5 - (-3 - 1))?
4
Evaluate (-3 - -1) + -1 + -25 + 26.
-2
Calculate (-8 - (8 + -6)) + 6.
-4
3 + -2 - 4 - (-12 + 4)
5
Calculate (2 - (5 + 0)) + 4 - -2.
3
What is the value of -5 + -5 + 9 + -2?
-3
What is 3 - (7 + -1 - (12 + -14))?
-5
What is -5 - ((0 + -5 - 0) + 1)?
-1
Evaluate -2 + 1 + -11 - (-64 - -57).
-5
What is the value of 2 + -1 - (-7 + -1 + 6)?
3
Calculate -2 + -2 + (8 - 11 - -6).
-1
What is 7 + (7 - 20) + 12 + 0?
6
Calculate -1 + 1 + (37 - 40).
-3
What is -4 - (4 + 3 - 14)?
3
-27 + 6 + 4 + 9
-8
Evaluate -9 - ((-12 - -5) + 5).
-7
Calculate 1 - 1 - (5 + -18 + 16).
-3
What is (-8 - (-5 + -1)) + -3?
-5
What is the value of -3 - -5 - (0 + 1) - -5?
6
What is the value of 3 + -2 + 1 + 6 + -3?
5
What is the value of 5 + -7 + (6 - 2) + -12?
-10
Calculate -5 + 5 - (3 + -1 - 3).
1
Evaluate (2 - -2) + -1 + -1 + -1.
1
Evaluate -1 - (-1 + -7) - (3 - 0).
4
-4 + 1 + (-2 - -8)
3
Evaluate 24 + -13 + (-7 - 1).
3
What is the value of 0 - (-5 + -9) - 6?
8
-8 + 9 + (-3 - 0) + -1
-3
What is (-128 - -119) + (13 - -1)?
5
Evaluate -5 - (2 - (10 - 4)).
-1
-6 - -2 - (5 - 4)
-5
Calculate (1 + 5 - 2) + 0.
4
Calculate -6 + 10 + -13 + 12.
3
What is the value of 6 - (-1 - (-6 - -4))?
5
Evaluate -2 + 7 - 5 - 3.
-3
What is the value of -6 + (16 - 6) - 6?
-2
What is -2 + 5 - (0 - (3 + -2))?
4
Evaluate 3 - (2 + -8 + (2 - -3)).
4
-4 + 5 + (1 - 2) + 4
4
(-1 + (6 - -1) - 3) + 1
4
Evaluate 12 + (-5 - (-9 + 12)).
4
What is -3 + (2 + -3 - 0)?
-4
What is the value of 11 - (-1 - -7) - 5?
0
What is 8 - (-4 + 8 + -2 + -2)?
8
What is the value of -2 + 0 + -2 - -5?
1
-2 + 8 + -3 + -2
1
What is (-2 - 10) + 2 + 5 + -1?
-6
What is (0 + -2 - (-4 - -3)) + -4?
-5
What is 3 - (0 + (-1 - -7) + 0)?
-3
Calculate -2 + (-3 - (4 + -2 + -2)).
-5
Calculate -3 - ((2 - 3) + 1).
-3
2 + (2 - (-2 + 11))
-5
(2 - 7 - (-1 + -5)) + -1
0
Evaluate 0 - ((-4 - -11) + -4).
-3
What is (2 - -5) + 10 + -14?
3
Calculate -1 - -1 - (12 - 13).
1
Calculate 5 + -12 + 1 + -2.
-8
Calculate 4 + -1 + -1 + 2 - 0.
4
What is the value of ((4 - 2) + -7 - -3) + -7?
-9
What is 2 - 4 - (1 - (4 - -1))?
2
What is 7 + (-16 + 2 + 2 - -3)?
-2
What is the value of (2 - (2 - 3)) + (17 - 19)?
1
1 + (-5 - (0 - 8))
4
0 + 1 + -1 - (-11 + 7)
4
What is (1 - -2) + -1 + -1?
1
What is the value of 3 - -5 - (1 - -3)?
4
What is the value of 4 - 6 - (-1 + 3 + -8)?
4
0 - -8 - 1 - (-309 - -315)
1
Evaluate 6 + -4 + (-4 - (-1 - 0)).
-1
Calculate -6 - -14 - 15 - -2.
-5
Calculate (0 - 2) + (13 - 15).
-4
Calculate -10 + 10 + (3 + -1 - -4).
6
What is -7 + -2 - (-38 + 31)?
-2
Calculate -11 + 11 + 1 + -5.
-4
What is the value of 45 + -44 + (-4 - -13)?
10
-2 + -12 + (15 - 8)
-7
What is 1 + 7 - (3 + (4 - 4))?
5
Calculate -6 + -4 + (-5 - -9).
-6
Calculate 15 + -18 - (1 + -5).
1
-4 - -14 - -2 - 6
6
What is 2 + (-1 - (5 - 5))?
1
What is 0 - (-2 + 11 + -1)?
-8
What is the value of -6 + (-4 + 6 - -1)?
-3
What is the value of (4 - 12) + 0 + 3?
-5
Calculate (8 - 2) + -5 - (2 - -2).
-3
What is 1 + 4 + 0 + -3?
2
Calculate -4 + 2 + (0 - (-3 - -4)).
-3
Calculate (7 - 11) + (3 - -6).
5
Calculate 1 + (-1 - (-1 + 4)) - -6.
3
Calculate -9 - (-1 + -2 + -2).
-4
Evaluate -36 + 39 + 1 + -4.
0
Calculate -1 + -1 - (17 - 11).
-8
What is -4 - (-5 - (1 - 7))?
-5
Evaluate -4 - (3 - 8 - (2 - 11)).
-8
What is the value of 8 + (-6 + -9 - -10)?
3
Evaluate (-7 - -8 - -6) + -12.
-5
What is -8 + 6 + 4 + -6 - 1?
-5
(15 - (26 - 14)) + 4 + -2
5
Evaluate (-5 - -9 - 4) + -1 + -4.
-5
Evaluate 0 + (0 - 3) + (2 - 1).
-2
Calculate 19 - 3 - 9 - 17.
-10
Evaluate 10 + -5 + -3 + -3.
-1
(38 - 37) + 0 + -1 + -1
-1
What is the value of 11 + -14 + -3 + (-1 - -2)?
-5
Evaluate -12 + 16 + (-2 - (-1 - -2)).
1
Evaluate -1 + 5 + -7 - (-1 - -1).
-3
What is the value of 5 - 6 - -3 - (4 + 3)?
-5
What is the value of 3 + 1 - (-13 - (-6 - 7))?
4
What is the value of -3 + 7 - (-1 - -3) - -1?
3
Evaluate 5 - (-5 - (-4 + 0)).
6
What is 0 + -1 - (19 + -17)?
-3
Calculate (-2 - -11 - 13) + 1.
-3
Calculate 3 - (13 - (10 + -2 + -3)).
-5
15 - (2 - (-7 + 1) - 3)
10
-2 - (3 - 0) - -1
-4
Evaluate 1 + 3 - (-9 + 1 - -13).
-1
Evaluate 4 + (4 - (4 - 1) - 0).
5
Evaluate 0 + -5 + -1 + 3 + 3.
0
Evaluate 2 - (1 + 1) - (4 - -1).
-5
Calculate (-3 + 2 - (1 + -2)) + 3.
3
Calculate (20 + -12 - (1 + 4)) + -4.
-1
Evaluate 4 - (-3 - (0 - (6 - 4))).
5
-7 - (-10 + -7 + 11)
-1
What is the value of (13 - 12) + -6 - -11?
6
Calculate (0 - -6) + (-35 - -26).
-3
7 + -2 + 0 + 1
6
What is -6 - (4 - (-5 - (-6 - 4)))?
-5
What is the value of -2 + 2 + (-9 - -13)?
4
What is 6 + -2 - (-4 + -1 + 11)?
-2
Calculate -3 - (-8 + 13) - -4.
-4
What is 0 + (-1 - 2 - (-23 + 17))?
3
Calculate 1 - -5 - 2 - -1 - -1.
6
Evaluate -5 + (2 + -4 - -4).
-3
What is the value of -168 + 172 + 2 + (3 - 0)?
9
Evaluate -7 - ((2 - 5) + 4) - -2.
-6
What is the value of (1 - 1 - 4) + (-126 - -125)?
-5
16 + 5 + -23 + (-2 - -2)
-2
Evaluate 9 + -9 + 2 - 10 - -3.
-5
Evaluate (-3 + 3 - -3) + (-3 - -3).
3
Calculate -6 + -4 + (6 - 3) + 2.
-5
What is -1 + (-3 - 0) + 11?
7
What is 0 - (-2 - (-4 - (3 + -1)))?
-4
What is 12 + -10 + -5 + 8?
5
-12 - (3 - 7) - -4
-4
What is 4 - (1 + 0) - (-5 - -7)?
1
Calculate 2 + 3 - (-7 + (-8 - -23)).
-3
Calculate -5 - (-7 + -7 + 8).
1
Calculate (1 - 5) + 3 + -1 + 7.
5
Evaluate -40 + 42 - (-2 + 6 + -1).
-1
Calculate 0 + 4 + 1 - (8 - 1).
-2
What is -8 + 4 - (-6 + -5 + 7)?
0
Calculate (13 - 16) + 3 + 0.
0
What is 8 + -7 + 6 + 0 + -16?
-9
Evaluate -13 - (7 + -16 + -10).
6
What is -1 - (-5 - -1 - (-28 + 26))?
1
What is the value of -3 + -3 + -8 + 11?
-3
What is the value of -1 + 1 + 0 + -1?
-1
What is the value of 14 + -4 - 4 - (-9 - -15)?
0
What is the value of 1 + (-4 + (-2 - -2) - -9)?
6
-10 + (19 - 7 - 4)
-2
Evaluate (2 - -6) + (-13 - -9) - 0.
4
What is the value of 6 - (4 - 4) - 2?
4
What is the value of -15 + -5 + 9 - (8 + -16)?
-3
Evaluate 12 + -7 + (-6 - 0).
-1
What is -3 + (14 - 10) + -6?
-5
What is the value of 2 + (-2 - (4 - 6 - 1))?
3
-2 - -6 - 10 - -4
-2
What is the value of 1 - (10 + -4) - (-8 + -1)?
4
(-3 + -2 - -4) + 7
6
Evaluate -5 - (-2 + 2 + -1).
-4
What is 14 + -9 + -10 - (-1 - 1)?
-3
Calculate (-2 + -2 - -7) + -2.
1
-5 + 3 + 0 + 0 + -5
-7
What is the value of -3 + 5 + (2 - 8)?
-4
Calculate 1 - ((-2 - (-11 - -6)) + -10).
8
What is the value of 2 - 9 - -6 - -2?
1
What is (-12 + 6 + 5 - 7) + 2?
-6
Evaluate -7 - (-5 + 1) - (-12 - -2).
7
Calculate 4 - -2 - (-1 + 4).
3
Evaluate -8 + 0 + (-4 - 6 - -12).
-6
(-1 - 1) + (11 - 6) + -1
2
-2 + 8 - (-15 + 26)
-5
(8 - 3) + -2 - (9 + -4)
-2
18 + -13 - (-3 + 4 + 0)
4
What is 3 + (1 - (-2 - -6))?
0
Evaluate -3 - (0 + -11 + 17).
-9
What is the value of -1 - 4 - 1 - (-83 + 75)?
2
(3 - (-2 + -1)) + -2
4
Evaluate 1 + -5 + 6 + 0.
2
What is (-12 - (-8 - 0)) + (-1 - 1)?
-6
What is 12 + -13 + (0 - -2)?
1
What is 8 + -7 + (-4 - 1)?
-4
What is 4 + (-6 + 1 - -1)?
0
What is (15 - 9 - (1 + 3)) + -8?
-6
Evaluate 0 + -1 - (7 + -12 + 5).
-1
Calculate 6 + -4 + -5 + 7.
4
Evaluate 8 - (-6 + (17 - 4 - 5)).
6
What is (0 - 1) + -4 + 8?
3
Calculate 6 + (-5 - 1 - -1).
1
Evaluate -2 - (-1 + (-1 - (-5 - -9))).
4
What is -6 - -10 - 7 - -7?
4
What is the value of 5 + -4 + -1 + -5?
-5
Evaluate 0 + (1 - -2) - (-4 - -12).
-5
Calculate 5 + 3 + -4 + 0 + -2.
2
What is the value of -1 - (0 + (-7 - (-11 - -4)))?
-1
What is the value of -10 - (-3 - (-1 + 4))?
-4
-9 - (-5 + -8) - (-2 - -1)
5
-6 + 4 + 11 + -4 + -12
-7
What is 1 - (0 + 8 + -5)?
-2
Calculate (0 - (-1 + 3)) + 5 - 0.
3
What is (-46 - -35) + (16 - -2)?
7
What is the value of 0 - (-7 + 5) - (-1 + 2)?
1
What is the value of -1 - (-5 + 13 + -5)?
-4
Evaluate -7 + -8 + 12 - (3 - 1).
-5
Evaluate (2 - -10 - 10) + 8.
10
Evaluate (-3 - -3) + 0 - (-6 - -3).
3
-2 - (9 + (1 - 5 - 2))
-5
Calculate -6 + (-3 - -11) + -5.
-3
What is the value of -14 + 8 - (2 - (-3 - -8))?
-3
Evaluate 1 + -3 - -7 - 3 - 3.
-1
What is the value of -5 - (-5 + 5) - -2?
-3
Calculate -17 - -15 - (-4 - 0).
2
Calculate 4 + 6 - (20 - 8).
-2
Evaluate 7 + -2 + -5 - (4 + 3).
-7
-5 + -1 + (76 - 66)
4
What is the value of 123 + -132 - (1 + -2)?
-8
Calculate 4 - (7 + 1 + -4).
0
What is the value of -8 + -6 + (11 - -